{"id":1028,"date":"2025-04-03T10:04:24","date_gmt":"2025-04-03T08:04:24","guid":{"rendered":"https:\/\/laetitia-fardella.fr\/?page_id=1028"},"modified":"2025-04-03T10:23:44","modified_gmt":"2025-04-03T08:23:44","slug":"mentions-legales","status":"publish","type":"page","link":"https:\/\/laetitia-fardella.fr\/?page_id=1028","title":{"rendered":"Mentions L\u00e9gales"},"content":{"rendered":"\t\t<div data-elementor-type=\"wp-page\" data-elementor-id=\"1028\" class=\"elementor elementor-1028\" data-elementor-post-type=\"page\">\n\t\t\t\t<div class=\"elementor-element elementor-element-d2842e2 e-flex e-con-boxed e-con e-parent\" data-id=\"d2842e2\" data-element_type=\"container\" data-e-type=\"container\" data-settings=\"{&quot;background_background&quot;:&quot;classic&quot;}\">\n\t\t\t\t\t<div class=\"e-con-inner\">\n\t\t\t\t<div class=\"elementor-element elementor-element-ff85af9 elementor-widget elementor-widget-heading\" data-id=\"ff85af9\" data-element_type=\"widget\" data-e-type=\"widget\" data-widget_type=\"heading.default\">\n\t\t\t\t<div class=\"elementor-widget-container\">\n\t\t\t\t\t<h2 class=\"elementor-heading-title elementor-size-default\">Mentions L\u00e9gales <\/h2>\t\t\t\t<\/div>\n\t\t\t\t<\/div>\n\t\t\t\t\t<\/div>\n\t\t\t\t<\/div>\n\t\t<div class=\"elementor-element elementor-element-88d5ff8 e-flex e-con-boxed e-con e-parent\" data-id=\"88d5ff8\" data-element_type=\"container\" data-e-type=\"container\">\n\t\t\t\t\t<div class=\"e-con-inner\">\n\t\t<div class=\"elementor-element elementor-element-d87cd50 e-con-full e-flex e-con e-child\" data-id=\"d87cd50\" data-element_type=\"container\" data-e-type=\"container\">\n\t\t\t\t<div class=\"elementor-element elementor-element-a967418 elementor-widget elementor-widget-heading\" data-id=\"a967418\" data-element_type=\"widget\" data-e-type=\"widget\" data-widget_type=\"heading.default\">\n\t\t\t\t<div class=\"elementor-widget-container\">\n\t\t\t\t\t<h2 class=\"elementor-heading-title elementor-size-default\">Propri\u00e9taire du site\u00a0<\/h2>\t\t\t\t<\/div>\n\t\t\t\t<\/div>\n\t\t\t\t<div class=\"elementor-element elementor-element-2d5d4d3 elementor-widget elementor-widget-text-editor\" data-id=\"2d5d4d3\" data-element_type=\"widget\" data-e-type=\"widget\" data-widget_type=\"text-editor.default\">\n\t\t\t\t<div class=\"elementor-widget-container\">\n\t\t\t\t\t\t\t\t\t<p>\u00a0<\/p><p>Le site www.laetitia-fardella.fr\u00a0est \u00e9dit\u00e9 la propri\u00e9t\u00e9 de :<\/p><p>Laetitia Fardella &#8211; Sophrologie et Hypnose\u00a0<br \/>5 rue des orchid\u00e9es<br \/>05240 La Salle les Alpes<\/p><p>Num\u00e9ro SIREN :<\/p><p>Num\u00e9ro de TVA intracommunautaire :<\/p><p>Nom du Pr\u00e9sident : Laetitia Fardella<\/p><p>T\u00e9l\u00e9phone : 06 61 47 47 90<\/p>\t\t\t\t\t\t\t\t<\/div>\n\t\t\t\t<\/div>\n\t\t\t\t<div class=\"elementor-element elementor-element-1e8b4fa elementor-widget elementor-widget-heading\" data-id=\"1e8b4fa\" data-element_type=\"widget\" data-e-type=\"widget\" data-widget_type=\"heading.default\">\n\t\t\t\t<div class=\"elementor-widget-container\">\n\t\t\t\t\t<h2 class=\"elementor-heading-title elementor-size-default\">H\u00e9bergement du site<\/h2>\t\t\t\t<\/div>\n\t\t\t\t<\/div>\n\t\t\t\t<div class=\"elementor-element elementor-element-eff2cbd elementor-widget elementor-widget-text-editor\" data-id=\"eff2cbd\" data-element_type=\"widget\" data-e-type=\"widget\" data-widget_type=\"text-editor.default\">\n\t\t\t\t<div class=\"elementor-widget-container\">\n\t\t\t\t\t\t\t\t\t<p>\u00a0<\/p><p>Le site est h\u00e9berg\u00e9 par : ovh<br \/>Adresse : \u00a0OVH SAS &#8211; 2 rue Kellermann &#8211; 59100 Roubaix &#8211; France<\/p>\t\t\t\t\t\t\t\t<\/div>\n\t\t\t\t<\/div>\n\t\t\t\t<\/div>\n\t\t<div class=\"elementor-element elementor-element-bb3a2f1 e-con-full e-flex e-con e-child\" data-id=\"bb3a2f1\" data-element_type=\"container\" data-e-type=\"container\">\n\t\t\t\t<div class=\"elementor-element elementor-element-6616908 elementor-widget elementor-widget-heading\" data-id=\"6616908\" data-element_type=\"widget\" data-e-type=\"widget\" data-widget_type=\"heading.default\">\n\t\t\t\t<div class=\"elementor-widget-container\">\n\t\t\t\t\t<h2 class=\"elementor-heading-title elementor-size-default\">WEBDESING<\/h2>\t\t\t\t<\/div>\n\t\t\t\t<\/div>\n\t\t\t\t<div class=\"elementor-element elementor-element-515a267 elementor-widget elementor-widget-text-editor\" data-id=\"515a267\" data-element_type=\"widget\" data-e-type=\"widget\" data-widget_type=\"text-editor.default\">\n\t\t\t\t<div class=\"elementor-widget-container\">\n\t\t\t\t\t\t\t\t\t<p>\u00a0<\/p><p>Design et int\u00e9gration r\u00e9alis\u00e9s par www.flowgraphiquedesigner.fr<b><\/b><\/p>\t\t\t\t\t\t\t\t<\/div>\n\t\t\t\t<\/div>\n\t\t\t\t<div class=\"elementor-element elementor-element-6fe0c28 elementor-widget elementor-widget-heading\" data-id=\"6fe0c28\" data-element_type=\"widget\" data-e-type=\"widget\" data-widget_type=\"heading.default\">\n\t\t\t\t<div class=\"elementor-widget-container\">\n\t\t\t\t\t<h2 class=\"elementor-heading-title elementor-size-default\">Propri\u00e9t\u00e9 intellectuelle<\/h2>\t\t\t\t<\/div>\n\t\t\t\t<\/div>\n\t\t\t\t<div class=\"elementor-element elementor-element-64d2cd6 elementor-widget elementor-widget-text-editor\" data-id=\"64d2cd6\" data-element_type=\"widget\" data-e-type=\"widget\" data-widget_type=\"text-editor.default\">\n\t\t\t\t<div class=\"elementor-widget-container\">\n\t\t\t\t\t\t\t\t\t<p>\u00a0Les \u00e9l\u00e9ments du site (textes, images, logos, etc.) sont prot\u00e9g\u00e9s par le droit d\u2019auteur. Toute reproduction, repr\u00e9sentation ou diffusion sans autorisation pr\u00e9alable est interdite.<\/p>\t\t\t\t\t\t\t\t<\/div>\n\t\t\t\t<\/div>\n\t\t\t\t<div class=\"elementor-element elementor-element-41edf5a elementor-widget elementor-widget-heading\" data-id=\"41edf5a\" data-element_type=\"widget\" data-e-type=\"widget\" data-widget_type=\"heading.default\">\n\t\t\t\t<div class=\"elementor-widget-container\">\n\t\t\t\t\t<h2 class=\"elementor-heading-title elementor-size-default\">Responsabilit\u00e9<\/h2>\t\t\t\t<\/div>\n\t\t\t\t<\/div>\n\t\t\t\t<div class=\"elementor-element elementor-element-de488af elementor-widget elementor-widget-text-editor\" data-id=\"de488af\" data-element_type=\"widget\" data-e-type=\"widget\" data-widget_type=\"text-editor.default\">\n\t\t\t\t<div class=\"elementor-widget-container\">\n\t\t\t\t\t\t\t\t\t<p>Le propri\u00e9taire du site s\u2019efforce de fournir des informations exactes, mais ne peut \u00eatre tenu responsable des erreurs ou omissions. L\u2019utilisation du site se fait sous la responsabilit\u00e9 de l\u2019utilisateur.<\/p>\t\t\t\t\t\t\t\t<\/div>\n\t\t\t\t<\/div>\n\t\t\t\t<div class=\"elementor-element elementor-element-2e21ebd elementor-widget elementor-widget-heading\" data-id=\"2e21ebd\" data-element_type=\"widget\" data-e-type=\"widget\" data-widget_type=\"heading.default\">\n\t\t\t\t<div class=\"elementor-widget-container\">\n\t\t\t\t\t<h2 class=\"elementor-heading-title elementor-size-default\">Cookies\n\n<\/h2>\t\t\t\t<\/div>\n\t\t\t\t<\/div>\n\t\t\t\t<div class=\"elementor-element elementor-element-4725633 elementor-widget elementor-widget-text-editor\" data-id=\"4725633\" data-element_type=\"widget\" data-e-type=\"widget\" data-widget_type=\"text-editor.default\">\n\t\t\t\t<div class=\"elementor-widget-container\">\n\t\t\t\t\t\t\t\t\t<p>Ce site utilise des cookies pour am\u00e9liorer l&rsquo;exp\u00e9rience utilisateur. En poursuivant votre navigation, vous acceptez l&rsquo;utilisation de ces cookies. Vous pouvez modifier vos param\u00e8tres \u00e0 tout moment.<\/p>\t\t\t\t\t\t\t\t<\/div>\n\t\t\t\t<\/div>\n\t\t\t\t<\/div>\n\t\t\t\t\t<\/div>\n\t\t\t\t<\/div>\n\t\t\t\t<\/div>\n\t\t","protected":false},"excerpt":{"rendered":"<p>Mentions L\u00e9gales Propri\u00e9taire du site\u00a0 \u00a0 Le site www.laetitia-fardella.fr\u00a0est \u00e9dit\u00e9 la propri\u00e9t\u00e9 de : Laetitia Fardella &#8211; Sophrologie et Hypnose\u00a05 rue des orchid\u00e9es05240 La Salle les Alpes Num\u00e9ro SIREN : Num\u00e9ro de TVA intracommunautaire : Nom du Pr\u00e9sident : Laetitia Fardella T\u00e9l\u00e9phone : 06 61 47 47 90 H\u00e9bergement du site \u00a0 Le site est [&hellip;]<\/p>\n","protected":false},"author":1,"featured_media":0,"parent":0,"menu_order":0,"comment_status":"closed","ping_status":"closed","template":"","meta":{"footnotes":""},"class_list":["post-1028","page","type-page","status-publish","hentry"],"yoast_head":"<!-- This site is optimized with the Yoast SEO plugin v24.5 - https:\/\/yoast.com\/wordpress\/plugins\/seo\/ -->\n<title>Mentions L\u00e9gales - Laetitia Fardella<\/title>\n<meta name=\"robots\" content=\"index, follow, max-snippet:-1, max-image-preview:large, max-video-preview:-1\" \/>\n<link rel=\"canonical\" href=\"https:\/\/laetitia-fardella.fr\/?page_id=1028\" \/>\n<meta property=\"og:locale\" content=\"fr_FR\" \/>\n<meta property=\"og:type\" content=\"article\" \/>\n<meta property=\"og:title\" content=\"Mentions L\u00e9gales - Laetitia Fardella\" \/>\n<meta property=\"og:description\" content=\"Mentions L\u00e9gales Propri\u00e9taire du site\u00a0 \u00a0 Le site www.laetitia-fardella.fr\u00a0est \u00e9dit\u00e9 la propri\u00e9t\u00e9 de : Laetitia Fardella &#8211; Sophrologie et Hypnose\u00a05 rue des orchid\u00e9es05240 La Salle les Alpes Num\u00e9ro SIREN : Num\u00e9ro de TVA intracommunautaire : Nom du Pr\u00e9sident : Laetitia Fardella T\u00e9l\u00e9phone : 06 61 47 47 90 H\u00e9bergement du site \u00a0 Le site est [&hellip;]\" \/>\n<meta property=\"og:url\" content=\"https:\/\/laetitia-fardella.fr\/?page_id=1028\" \/>\n<meta property=\"og:site_name\" content=\"Laetitia Fardella\" \/>\n<meta property=\"article:modified_time\" content=\"2025-04-03T08:23:44+00:00\" \/>\n<meta name=\"twitter:card\" content=\"summary_large_image\" \/>\n<meta name=\"twitter:label1\" content=\"Dur\u00e9e de lecture estim\u00e9e\" \/>\n\t<meta name=\"twitter:data1\" content=\"1 minute\" \/>\n<script type=\"application\/ld+json\" class=\"yoast-schema-graph\">{\"@context\":\"https:\/\/schema.org\",\"@graph\":[{\"@type\":\"WebPage\",\"@id\":\"https:\/\/laetitia-fardella.fr\/?page_id=1028\",\"url\":\"https:\/\/laetitia-fardella.fr\/?page_id=1028\",\"name\":\"Mentions L\u00e9gales - Laetitia Fardella\",\"isPartOf\":{\"@id\":\"https:\/\/laetitia-fardella.fr\/#website\"},\"datePublished\":\"2025-04-03T08:04:24+00:00\",\"dateModified\":\"2025-04-03T08:23:44+00:00\",\"breadcrumb\":{\"@id\":\"https:\/\/laetitia-fardella.fr\/?page_id=1028#breadcrumb\"},\"inLanguage\":\"fr-FR\",\"potentialAction\":[{\"@type\":\"ReadAction\",\"target\":[\"https:\/\/laetitia-fardella.fr\/?page_id=1028\"]}]},{\"@type\":\"BreadcrumbList\",\"@id\":\"https:\/\/laetitia-fardella.fr\/?page_id=1028#breadcrumb\",\"itemListElement\":[{\"@type\":\"ListItem\",\"position\":1,\"name\":\"Accueil\",\"item\":\"https:\/\/laetitia-fardella.fr\/\"},{\"@type\":\"ListItem\",\"position\":2,\"name\":\"Mentions L\u00e9gales\"}]},{\"@type\":\"WebSite\",\"@id\":\"https:\/\/laetitia-fardella.fr\/#website\",\"url\":\"https:\/\/laetitia-fardella.fr\/\",\"name\":\"Laetitia Fardella\",\"description\":\"Sophrologie et Hypnose Ericksonienne\",\"publisher\":{\"@id\":\"https:\/\/laetitia-fardella.fr\/#organization\"},\"potentialAction\":[{\"@type\":\"SearchAction\",\"target\":{\"@type\":\"EntryPoint\",\"urlTemplate\":\"https:\/\/laetitia-fardella.fr\/?s={search_term_string}\"},\"query-input\":{\"@type\":\"PropertyValueSpecification\",\"valueRequired\":true,\"valueName\":\"search_term_string\"}}],\"inLanguage\":\"fr-FR\"},{\"@type\":\"Organization\",\"@id\":\"https:\/\/laetitia-fardella.fr\/#organization\",\"name\":\"Laetitia Fardella\",\"url\":\"https:\/\/laetitia-fardella.fr\/\",\"logo\":{\"@type\":\"ImageObject\",\"inLanguage\":\"fr-FR\",\"@id\":\"https:\/\/laetitia-fardella.fr\/#\/schema\/logo\/image\/\",\"url\":\"https:\/\/laetitia-fardella.fr\/wp-content\/uploads\/2025\/02\/cropped-Logo-laetitia-valide_Plan-de-travail-1-02.png\",\"contentUrl\":\"https:\/\/laetitia-fardella.fr\/wp-content\/uploads\/2025\/02\/cropped-Logo-laetitia-valide_Plan-de-travail-1-02.png\",\"width\":512,\"height\":512,\"caption\":\"Laetitia Fardella\"},\"image\":{\"@id\":\"https:\/\/laetitia-fardella.fr\/#\/schema\/logo\/image\/\"}}]}<\/script>\n<!-- \/ Yoast SEO plugin. -->","yoast_head_json":{"title":"Mentions L\u00e9gales - Laetitia Fardella","robots":{"index":"index","follow":"follow","max-snippet":"max-snippet:-1","max-image-preview":"max-image-preview:large","max-video-preview":"max-video-preview:-1"},"canonical":"https:\/\/laetitia-fardella.fr\/?page_id=1028","og_locale":"fr_FR","og_type":"article","og_title":"Mentions L\u00e9gales - Laetitia Fardella","og_description":"Mentions L\u00e9gales Propri\u00e9taire du site\u00a0 \u00a0 Le site www.laetitia-fardella.fr\u00a0est \u00e9dit\u00e9 la propri\u00e9t\u00e9 de : Laetitia Fardella &#8211; Sophrologie et Hypnose\u00a05 rue des orchid\u00e9es05240 La Salle les Alpes Num\u00e9ro SIREN : Num\u00e9ro de TVA intracommunautaire : Nom du Pr\u00e9sident : Laetitia Fardella T\u00e9l\u00e9phone : 06 61 47 47 90 H\u00e9bergement du site \u00a0 Le site est [&hellip;]","og_url":"https:\/\/laetitia-fardella.fr\/?page_id=1028","og_site_name":"Laetitia Fardella","article_modified_time":"2025-04-03T08:23:44+00:00","twitter_card":"summary_large_image","twitter_misc":{"Dur\u00e9e de lecture estim\u00e9e":"1 minute"},"schema":{"@context":"https:\/\/schema.org","@graph":[{"@type":"WebPage","@id":"https:\/\/laetitia-fardella.fr\/?page_id=1028","url":"https:\/\/laetitia-fardella.fr\/?page_id=1028","name":"Mentions L\u00e9gales - Laetitia Fardella","isPartOf":{"@id":"https:\/\/laetitia-fardella.fr\/#website"},"datePublished":"2025-04-03T08:04:24+00:00","dateModified":"2025-04-03T08:23:44+00:00","breadcrumb":{"@id":"https:\/\/laetitia-fardella.fr\/?page_id=1028#breadcrumb"},"inLanguage":"fr-FR","potentialAction":[{"@type":"ReadAction","target":["https:\/\/laetitia-fardella.fr\/?page_id=1028"]}]},{"@type":"BreadcrumbList","@id":"https:\/\/laetitia-fardella.fr\/?page_id=1028#breadcrumb","itemListElement":[{"@type":"ListItem","position":1,"name":"Accueil","item":"https:\/\/laetitia-fardella.fr\/"},{"@type":"ListItem","position":2,"name":"Mentions L\u00e9gales"}]},{"@type":"WebSite","@id":"https:\/\/laetitia-fardella.fr\/#website","url":"https:\/\/laetitia-fardella.fr\/","name":"Laetitia Fardella","description":"Sophrologie et Hypnose Ericksonienne","publisher":{"@id":"https:\/\/laetitia-fardella.fr\/#organization"},"potentialAction":[{"@type":"SearchAction","target":{"@type":"EntryPoint","urlTemplate":"https:\/\/laetitia-fardella.fr\/?s={search_term_string}"},"query-input":{"@type":"PropertyValueSpecification","valueRequired":true,"valueName":"search_term_string"}}],"inLanguage":"fr-FR"},{"@type":"Organization","@id":"https:\/\/laetitia-fardella.fr\/#organization","name":"Laetitia Fardella","url":"https:\/\/laetitia-fardella.fr\/","logo":{"@type":"ImageObject","inLanguage":"fr-FR","@id":"https:\/\/laetitia-fardella.fr\/#\/schema\/logo\/image\/","url":"https:\/\/laetitia-fardella.fr\/wp-content\/uploads\/2025\/02\/cropped-Logo-laetitia-valide_Plan-de-travail-1-02.png","contentUrl":"https:\/\/laetitia-fardella.fr\/wp-content\/uploads\/2025\/02\/cropped-Logo-laetitia-valide_Plan-de-travail-1-02.png","width":512,"height":512,"caption":"Laetitia Fardella"},"image":{"@id":"https:\/\/laetitia-fardella.fr\/#\/schema\/logo\/image\/"}}]}},"_links":{"self":[{"href":"https:\/\/laetitia-fardella.fr\/index.php?rest_route=\/wp\/v2\/pages\/1028","targetHints":{"allow":["GET"]}}],"collection":[{"href":"https:\/\/laetitia-fardella.fr\/index.php?rest_route=\/wp\/v2\/pages"}],"about":[{"href":"https:\/\/laetitia-fardella.fr\/index.php?rest_route=\/wp\/v2\/types\/page"}],"author":[{"embeddable":true,"href":"https:\/\/laetitia-fardella.fr\/index.php?rest_route=\/wp\/v2\/users\/1"}],"replies":[{"embeddable":true,"href":"https:\/\/laetitia-fardella.fr\/index.php?rest_route=%2Fwp%2Fv2%2Fcomments&post=1028"}],"version-history":[{"count":13,"href":"https:\/\/laetitia-fardella.fr\/index.php?rest_route=\/wp\/v2\/pages\/1028\/revisions"}],"predecessor-version":[{"id":1043,"href":"https:\/\/laetitia-fardella.fr\/index.php?rest_route=\/wp\/v2\/pages\/1028\/revisions\/1043"}],"wp:attachment":[{"href":"https:\/\/laetitia-fardella.fr\/index.php?rest_route=%2Fwp%2Fv2%2Fmedia&parent=1028"}],"curies":[{"name":"wp","href":"https:\/\/api.w.org\/{rel}","templated":true}]}}